23 - -111. Suppose 2*x = -b + d, -2*x - 2*b + 187 = 51. What are the prime factors of x?
2, 3, 11
Suppose -8*w = -11*w + 10230. List the prime factors of w/14 + ((-24)/(-7) - 4).
3
Let h be (7/3 + -2)/(1/(-3)). What are the prime factors of 88/(2 - (0 - h))?
2, 11
Suppose 16*g = 21*g + 2*z - 2158, 2*z + 2162 = 5*g. What are the prime factors of g?
2, 3
Let w(x) = 12*x + x - 20 + 10*x. List the prime factors of w(8).
2, 41
Let z = 261 + 616. List the prime factors of z.
877
Let f(o) = o**3 + 21*o**2 - 22*o + 14. Let d(t) = -t**3 - 20*t**2 + 22*t - 14. Let a(n) = -5*d(n) - 4*f(n). List the prime factors of a(-17).
3, 11
Suppose 0 = -3*q - 2*q + 625. Let c be (18 + -63)*(-6)/9. Suppose -5*v + q = -c. List the prime factors of v.
31
Let b = 549 - 392. Let d = b - 75. What are the prime factors of d?
2, 41
Suppose 0*w - 40 = w. Let f = 188 + w. List the prime factors of f.
2, 37
Let t(o) = -12*o + 725. List the prime factors of t(0).
5, 29
Let u(i) be the second derivative of 3*i**5 - i**3/6 + i**2 - 7*i. Let f be u(1). Suppose -2*y + f - 7 = 0. List the prime factors of y.
3
Let g be (-49)/(-14) + 6/(-4). Suppose -4*s = -g*a + s + 125, -s = -5*a + 370. Suppose -4*h + a = h. List the prime factors of h.
3, 5
Let g(r) be the third derivative of r**5/60 - 5*r**4/24 - r**3/6 - r**2. Let v be 1/(-3) + (96/18 - -3). List the prime factors of g(v).
23
Suppose -5825 = -5*s + 2*o, -14*s - 4*o - 4648 = -18*s. List the prime factors of s.
3, 389
Suppose -t = 36 + 46. Let k = t - -32. Let l = k + 84. What are the prime factors of l?
2, 17
What are the prime factors of 2/(-4)*-4 - (14 + -551)?
7, 11
Suppose 12*a - 8600 = 1888. List the prime factors of a.
2, 19, 23
Suppose 5*o = i - 130, o - 4*i + 22 = -3*i. Let b = -24 - o. List the prime factors of b/3 + (0 - -2).
3
Suppose -3*y = 2*z - 11 - 3, -28 = -4*y - 5*z. Let n be (2/(-3))/(y/(-9)). Suppose n*g - 158 = r, 86 = 4*g + 5*r - 112. What are the prime factors of g?
2, 13
Let u be (-14 - -13)*(1 - 3). Suppose -2*k + 146 = u*k + 2*d, 3*d = 5*k - 166. Let b = -29 + k. List the prime factors of b.
2, 3
Let t = -11 - -18. Let s(u) = u - 4. Let y be s(t). Suppose -5 = -4*l + y. List the prime factors of l.
2
Let u = 652 + -103. List the prime factors of u.
3, 61
Let v(c) = -165*c + 10 + 3 + 166*c. What are the prime factors of v(-3)?
2, 5
Suppose 1 = 3*r + 55. Let z = r + 4. Let l = 33 - z. What are the prime factors of l?
47
Let c = -7 + 10. Suppose -3*n - 105 = -c*z, 0 = 4*n + 15 - 3. Let j = 62 - z. List the prime factors of j.
2, 3, 5
Suppose -8 + 18 = z. Suppose 15*g + 2*g = 918. Suppose 4*c - 3*t = -6*t + g, 0 = -5*t + z. List the prime factors of c.
2, 3
Let u = 17 - -14. Let z = 24 - 46. Let x = z + u. What are the prime factors of x?
3
Suppose 3*i + 10 = i. Let o(r) = 5*r**2 + 5*r - 3. Let m be o(i). Suppose m = 4*l + 4*c - c, -15 = 3*c. What are the prime factors of l?
2, 7
Let i(t) be the second derivative of -13*t**5/20 + t**4/6 - t**2/2 + 4*t. Let v be i(-1). Let m = v + -2. What are the prime factors of m?
2, 3
Let w(t) = 3*t**3 + 3*t**2 - 2*t - 2. Suppose -z + 2 = 0, -3*v + 2*z - 2 + 1 = 0. Suppose v + 3 = 2*l. What are the prime factors of w(l)?
2, 3, 5
Let y = -320 + 967. What are the prime factors of y?
647
Suppose 3*b + 2*d = 1117, 75*d - 1861 = -5*b + 71*d. List the prime factors of b.
373
What are the prime factors of (3 + -6)*2859/(-9)?
953
Suppose 4*x - 809 = 2*x + 5*d, -2*d - 1594 = -4*x. What are the prime factors of x?
397
Suppose -2*b - 6 = -2*g, -3 = 3*g + b - 0. Suppose g = 8*h - 3*h + j - 772, 5*j + 298 = 2*h. List the prime factors of h.
2, 7, 11
List the prime factors of 0/(-5 + 2) + 148.
2, 37
Let w = -46 + 46. Suppose 2*a - 79 = -i, a - 3*i - 10 - 47 = w. What are the prime factors of a?
2, 3, 7
Suppose -q - 3*h + 1176 = q, h + 2940 = 5*q. What are the prime factors of q?
2, 3, 7
Suppose -10*j + 9790 = 12*j. What are the prime factors of j?
5, 89
Let p = -2 - 0. Suppose 2*n + 112 + 166 = 2*b, 0 = -4*n - 5*b - 511. What are the prime factors of 1*(n/p)/1?
67
Let r(z) = z**3 - 5*z**2 + 2*z - 5. Let w be r(5). Suppose -4*k = -2*x + 74, 166 = 4*x + 3*k - w*k. List the prime factors of x.
43
Suppose 4 = d - 3*d - 5*w, 0 = -d - 4*w - 8. Let i(c) = c**3 - 9*c**2 + 10*c - 12. Let t be i(d). Suppose t*g - 2*g - 66 = 0. List the prime factors of g.
3, 11
Suppose 10*z - 961 = 5*z + u, 378 = 2*z - 2*u. List the prime factors of z.
193
Let t = 1788 - -1257. What are the prime factors of t?
3, 5, 7, 29
What are the prime factors of ((-5694)/(-22) - 1) + (-6)/(-33)?
2, 3, 43
Let m(x) = 5*x**2 + 2*x - 3 + 4*x**3 - 3*x**3 + 2*x**2. Suppose -4*f + 22 = -7*f - 2*y, -4*f + 4*y = 16. List the prime factors of m(f).
3, 7
List the prime factors of (-26308)/(-36) + -1 + 2/9.
2, 5, 73
Suppose -4 + 9 = -5*o. What are the prime factors of 1 - (5 - o - 2) - -6?
3
Let u be (0 - 0)*(2/4)/1. Suppose 0*y - 2*y + 4 = u, 3*a - 4*y = 442. List the prime factors of a.
2, 3, 5
Let k be (40/50)/((-1)/(-20)). Suppose z = -z - k. Let w = z + 34. What are the prime factors of w?
2, 13
Let n(k) = -k**2 + 5*k - 2. Let t be n(4). Suppose t*g - 3*s + 88 = 4*g, 2*g - s = 72. Suppose -2*x + 70 = 2*v, x + g = v - x. What are the prime factors of v?
2, 3
Let d be -19*3/1*-3. Suppose -173 = -2*u + 3*b, -2*u - b = -4*u + d. List the prime factors of u.
5, 17
Let g(n) = n**2 + 6*n - 9. Let o(x) = -8*x - 1. Let s be o(-1). Let l be g(s). Suppose 5*u - l = 3*u. What are the prime factors of u?
41
Let x(v) = -3*v + 22. Let h be x(9). List the prime factors of (h/3)/((-1)/21).
5, 7
Suppose 5*l + 2*s = -19, 2*s = -l + s - 5. Let m(a) = 3*a**2 + 3*a + 1. List the prime factors of m(l).
19
Let b(n) = n**3 + 7*n**2 - 2*n - 7. Let i be b(-7). Suppose 0 = 5*a - i*a + 140. List the prime factors of a.
2, 5, 7
Let s(m) be the second derivative of m**4/4 + 2*m**3/3 - 13*m**2/2 + 10*m. Let i be s(-6). Let w = i - 49. What are the prime factors of w?
2, 11
Let r = 248 + -51. What are the prime factors of r?
197
Let s(k) = 9*k**2 + 11*k + 15. What are the prime factors of s(-8)?
503
Let y(u) = 4*u - 1. Let h = -12 + 13. Let p be y(h). Suppose 0 = p*w - 0*w - 159. What are the prime factors of w?
53
Let m(o) = -o**3 - 8*o**2 - 8*o + 9. Let w be m(-7). Suppose 0 = 13*b - w*b + 492. List the prime factors of b.
2, 41
Suppose -6*t + t - 2*h = 15, -4*h = -3*t - 35. Let m be -154 - 5/t - -3. Let a = m + 223. List the prime factors of a.
73
Let z(x) = 499*x**2 + 13*x + 34. What are the prime factors of z(-2)?
2, 3, 167
Let h(m) = 8*m**2 + m + 1. Let z be h(-1). Let x = -2 + z. List the prime factors of x.
2, 3
Suppose -2*n = 2*n + b - 293, 5*n - 362 = 3*b. Suppose -n = -3*l + 59. List the prime factors of l.
2, 11
Let m(d) = -d**2 - 7*d - 1. Let t be m(-6). Suppose t*p - 2*p = 33. Let o = 26 - p. What are the prime factors of o?
3, 5
Let n(l) = l**3 - 19*l**2 - 20*l + 2. Let x be n(20). Suppose x*v + 604 = 4*b, 0 = -b + 6*b - 5*v - 750. What are the prime factors of b?
2, 19
Let p(m) = 3*m**3 - 2*m**2 + 2*m - 3. List the prime factors of p(4).
3, 5, 11
Let d(u) = u**3 - 2*u**2 + 4*u. Let j be 6/(-15) - 17/(-5). What are the prime factors of d(j)?
3, 7
Let q be ((-24)/(-5))/(1 - (-326)/(-330)). List the prime factors of 9/(121/q + (-1)/4).
2, 3
Let o be (-120)/(-21) - (-2)/7. Suppose o*a = 3*a. Suppose f - 18 = -a*f. What are the prime factors of f?
2, 3
Let i be -1*(2/1 + -7). Suppose -2*m = 8, 4*g - 43 = -i*m + 17. What are the prime factors of g?
2, 5
Suppose 53 = -3*a - 28. List the prime factors of ((-136)/6)/(-3 - 75/a).
2, 3, 17
Let t = -3650 - -5473. List the prime factors of t.
1823
Let a(w) = w**3 - 6*w**2 - w + 8. Let l be a(6). Suppose -108 = -l*x + 2*o, -4*x + 3*o + 0*o = -214. What are the prime factors of x?
2, 13
Let s be (1 + -7)*1 - -2. What are the prime factors of (-24 + s/(-4))/(-1)?
23
Suppose -41*n - 33 = -44*n. Let y = n + 222. List the prime factors of y.
233
Let g(l) = -3*l - 3. Let y be g(-6). Let o = 21 - y. Suppose k = h - 2*h + 22, -k + o = 5*h. What are the prime factors of k?
2, 13
Let g = 476 + -255. List the prime factors of g.
13, 17
Let r(v) = 4*v**2 + 10*v - 10. Let b(g) = -g**3 - 4*g**2 + 8*g + 7. Let x be b(-5). What are the prime factors of r(x)?
2, 83
Suppose 0 = -3*t + 2*t + 61. Suppose 5*i + 3*y - 125 = 0, 